-45535 = -5*g + 5*c. What are the prime factors of g?
2, 569
Suppose -2*f - 4105 = 3*c - 24408, 40597 = 4*f - 3*c. What are the prime factors of f?
2, 5, 7, 29
Suppose -2*j + 1 = -5. Suppose 2*q - 3*q = -3*f + 6, -21 = -j*f - 4*q. Suppose -36 = -f*g + 39. List the prime factors of g.
5
Suppose -2*s + 5*c + 29 = 0, 0*s - 4*s - 2*c = -46. Let l = -48 + s. What are the prime factors of 9/(l/(-352)) + 0?
2, 11
Let g = -520 + 4826. List the prime factors of g.
2, 2153
Let r(q) = q**2 + 5*q - 5. Let l be r(-6). Suppose 264 = -66*f + 88*f. List the prime factors of (l + -39)/((-3)/f).
2, 19
Suppose -24*x + 25*x = 21*x - 62100. List the prime factors of x.
3, 5, 23
Suppose -10*i + 7*i + 2202 = 0. Suppose -1176 = -5*o + i. Let s = o + -153. What are the prime factors of s?
229
Suppose -2*k = 5*c - 10326, 4*k - 5*c = 17695 + 3017. What are the prime factors of k?
7, 739
Let f = -1924 + 2081. What are the prime factors of f?
157
Suppose 3*u + 2*j - 14288 = 0, 2*j = 5*u + j - 23835. Suppose -1620 + u = 11*d. List the prime factors of d.
2, 11, 13
Let h(m) = -m**2 + 13. Let u be h(4). Let o be 2/u*-734 - 10/(-15). Suppose 496 = 4*x - 4*f, -4*x + 2*f + 0*f + o = 0. What are the prime factors of x?
11
Let w(u) = 15*u + 30. Let k be w(-16). Let h = k + 491. Let b = h + -36. List the prime factors of b.
5, 7
Let t = 220 + -36. Let o = t - -481. Suppose -4*r + 184 = 2*p, -4*p + 3*r + o = 242. List the prime factors of p.
2, 3, 17
Let a(g) = 16*g - 17 + 6*g - 28*g**2 + 27*g**2 + 5*g. What are the prime factors of a(12)?
163
Let t(m) = -3*m**3 - 24*m**2 + 7*m - 14. Let z(b) = -6*b - 106. Let o be z(-16). List the prime factors of t(o).
2, 3, 43
Let u(h) be the first derivative of 3*h - 1/3*h**3 + 7/2*h**2 + 6. List the prime factors of u(6).
3
Suppose -200764 = -5*d + 2*c, -6 - 15 = 3*c. What are the prime factors of d?
2, 5, 11, 73
Let o = 732 + -448. Suppose -5*d = 2*t - 1300, 2*d + o = 3*t - 1666. What are the prime factors of t?
2, 5, 13
List the prime factors of ((-35506)/246)/(160/(-475) + 1/3).
5, 19, 433
Suppose 114*r + 3304 = 122*r. Suppose 6888 = r*q - 401*q. What are the prime factors of q?
2, 7, 41
Suppose -176*z = -42*z - 8919710. What are the prime factors of z?
5, 13313
Let v = 23 + -21. Let x = -53 - -53. Suppose -2*p - 3*f + 66 = -x*p, -p = v*f - 35. What are the prime factors of p?
3
Let x = 7 - -3. Suppose 150 = -x*s - 200. Let g = 126 + s. What are the prime factors of g?
7, 13
Let g(b) = -9*b**2 + 2*b - 88. Let j(f) = 20*f**2 - 2*f + 177. Let s(l) = -9*g(l) - 4*j(l). What are the prime factors of s(5)?
59
What are the prime factors of (768/(-160))/((-6)/32655)?
2, 3, 7, 311
List the prime factors of (-54642)/(-4) - (-15 - (-522)/36).
19, 719
Let z(t) = -t**2 - 5*t - 4. Let u be z(-4). Suppose 18 = 10*g - g. Let i = u + g. What are the prime factors of i?
2
Let j be (14/4)/((-196)/(-224)). Suppose j*m = 5*o - 3188, -15*o = -19*o - 3*m + 2569. What are the prime factors of o?
2, 5
Let q(y) = -287*y**3 + 2*y**2 + 11*y + 15. What are the prime factors of q(-2)?
2297
Let d(x) = 17*x - 74. Let g(i) = -35*i + 146. Let z(k) = 9*d(k) + 4*g(k). What are the prime factors of z(12)?
2, 37
Suppose 423*h - 2611578 + 3313078 = 9479596. What are the prime factors of h?
2, 1297
Let m = -48 - -49. Let u be 0/(10/(-2))*m. Suppose u = -2*n + 5*h + 232, -4*h - 101 = -n - 9*h. What are the prime factors of n?
3, 37
What are the prime factors of (-116805)/(-18) - (-1 + 42/36)?
3, 7, 103
Let y be ((-26)/2 + 10)/(-1 + 4). What are the prime factors of ((-3)/y)/(8 - 15305/1915)?
383
Let m(k) be the first derivative of 2*k**3/3 - 3*k**2 - 15*k + 40. Let y be m(5). Suppose -3*x + 24 + 314 = y*w, x - w = 102. List the prime factors of x.
2, 53
Suppose 41*w + 87*w - 102432 = -26912. What are the prime factors of w?
2, 5, 59
Suppose -16*o + 593092 - 227044 = 0. List the prime factors of o.
2, 3, 31, 41
Let v be 1/(-5) - (-484)/(-55). Let y(o) = o**3 + 14*o**2 - 2*o - 26. What are the prime factors of y(v)?
397
Let m be -18 + 13 + (4 - -4). Suppose -5*o + 3730 = 2*u - 0*u, m*u = -3*o + 2247. What are the prime factors of o?
2, 3, 31
Let f(i) = -i**2 + 15*i + 10. Suppose d - 77 = 2*y, 65 = -0*y - 2*y + 5*d. Let r be ((-64)/y)/(1/5). List the prime factors of f(r).
2, 3, 11
Let b = -18 + 25. Suppose b*y + 426 = 160. Let l = -25 - y. List the prime factors of l.
13
Suppose -1642804 - 494408 = -108*k. What are the prime factors of k?
7, 11, 257
Suppose 4*a = 5*k - 6*k - 337, a + k + 85 = 0. Let y = 107 + a. Let u = y - 13. What are the prime factors of u?
2, 5
List the prime factors of (3/4)/((-189)/(-24)) + 1397084/42.
2, 3, 7, 11
Suppose 12*x - 8*x = 18896. Suppose -7*w + x = 1196. What are the prime factors of w?
2, 3, 7
Suppose 0 = -3*v - 2*m - 42792 + 120323, -4*m - 103328 = -4*v. What are the prime factors of v?
3, 11, 29
Suppose 0 = 5*p + 5*i - 35420, 58*i - 54*i - 7069 = -p. What are the prime factors of p?
3, 17, 139
Suppose 151559 = 22*z - 86899. List the prime factors of z.
3, 3613
Let j(r) = 8*r**3 + r**2. Let x be j(2). Let q = -1366 + 1404. Let c = x - q. List the prime factors of c.
2, 3, 5
Suppose -13*k = -4357 + 1263. Let u = 704 - k. List the prime factors of u.
2, 233
Let p(o) = -959*o - 44. List the prime factors of p(-11).
5, 11, 191
Suppose 326 = 29*q + 65. Suppose 4 = -2*z - 0. List the prime factors of q/((z/(-30))/((-6)/(-18))).
3, 5
Suppose -921 - 31839 = -3*b. Suppose 69*p - 57*p - b = 0. What are the prime factors of p?
2, 5, 7, 13
Let z(m) = -25*m + 3199. What are the prime factors of z(-73)?
2, 157
Suppose 0 = 5*h - p - 5057, h + 17*p - 14*p = 1005. Suppose 9 = -2*d + h. List the prime factors of d.
3, 167
Let p(k) = -k**3 - 7*k**2 + 6*k - 12. Suppose -3*b + 1 = -5*l + 45, 2*l = 8. Let y be p(b). What are the prime factors of (y/(-6) - -1) + (-595)/(-51)?
2, 3
Suppose 55 = a + y, 0*a + a - 40 = 2*y. Suppose -44*w = -a*w + 174. What are the prime factors of w?
29
Suppose 0*g + 441 = 3*g. Suppose 0 = -4*o - 3*o + g. Let f = o - -48. List the prime factors of f.
3, 23
Let t(r) = -r + 30. Let z be t(8). Suppose 10*c - 2*y + 14 = 9*c, 3*c + z = -4*y. List the prime factors of 0 - -76 - (3 + c + 5).
2, 3, 13
Suppose 312 = 3*m - 7*m. Let r be (2 + (-4)/5)*(-520)/m. Suppose -x - r*p = -4*p - 161, 270 = 2*x - 5*p. What are the prime factors of x?
5, 29
Suppose -4*z + 626 = 2*o, 2*z + 3*o + 0*o - 311 = 0. Suppose -7*y + 214 = -z. List the prime factors of y.
53
Suppose -13 = -6*u + 11. Let m(t) = -u - 2 + 25*t + 9 + 8. List the prime factors of m(4).
3, 37
Let i(o) = -55*o**3 + o**2 + o - 1. Let h be i(2). What are the prime factors of 1*1/(-2) + h/(-2)?
7, 31
Let d(r) = r + 20. Let o be d(-7). Suppose l = 3*g - o, -g = 3*l + 29 - 0. What are the prime factors of ((-11)/15 - 4/l)*-435?
5, 29
Let h = -79 - -69. Let b = h - -341. List the prime factors of b.
331
Suppose 181*a = -t + 176*a + 8628, -2*a = -5*t + 43113. List the prime factors of t.
8623
Let p = -521 - -836. Suppose v - 4*f = p, 0 = -v - 3*f + 256 + 66. List the prime factors of v.
11, 29
Suppose 5*x - 2*x = -21. Let s(y) = 5*y**2 + 5*y - 36. What are the prime factors of s(x)?
2, 3, 29
Let n = 98 - 243. Let l be 0 + 2 + 1 + 10. Let b = l - n. List the prime factors of b.
2, 79
Suppose 23*h + 23*h = 56*h - 67190. What are the prime factors of h?
6719
Suppose -20 = 5*t, -3*a = a - 2*t + 32. Let q be (-24)/30 - (-2)/a. What are the prime factors of (3*(-4)/(-24))/(q/(-142))?
71
Suppose 6*y - 2*y - 3*z - 6057 = 0, -3*z + 3051 = 2*y. What are the prime factors of y?
2, 3, 11, 23
Let v(c) = 12 + c**3 - 13*c**2 + 6*c**2 + 3. Let x be v(7). What are the prime factors of (198/15)/(x/100)?
2, 11
Let c(u) = -15*u + 355. Let k be c(23). What are the prime factors of 20/30*(-65)/k*-138?
2, 13, 23
Suppose -14 = 4*z - 0*z + 2*d, 0 = -d + 1. Let f = z + 130. Suppose 3*h - 4*h + 5*p + 129 = 0, -h + f = -2*p. List the prime factors of h.
2, 31
Let t be 39*(-519)/15 - 34/(-85). Let a = -353 - t. What are the prime factors of a?
2, 3, 83
Let g = -43568 - -91610. What are the prime factors of g?
2, 3, 17, 157
Suppose 0 = -7*n + 380 + 2014. List the prime factors of -60*(-1)/1*n/36.
2, 3, 5, 19
Suppose -4*f + 4*m - 12 = 0, 0 = f - 6*f - 5*m + 15. Suppose f = -2*g - w + 880, 0 = -12*g + 9*g - 2*w + 1322. What are 